{"id":199,"date":"2017-12-24T01:59:27","date_gmt":"2017-12-24T00:59:27","guid":{"rendered":"https:\/\/kksc2009.ak5.one\/?page_id=199"},"modified":"2018-08-07T11:51:44","modified_gmt":"2018-08-07T10:51:44","slug":"schiessstaende-2","status":"publish","type":"page","link":"https:\/\/kksc2009.ak5.one\/?page_id=199","title":{"rendered":"Schie\u00dfst\u00e4nde"},"content":{"rendered":"<p>&nbsp;<\/p>\n<table border=\"1\">\n<tbody>\n<tr>\n<td><a href=\"https:\/\/kksc2009.ak5.one\/wp-content\/uploads\/2018\/08\/sgbungt.jpg\"><img loading=\"lazy\" decoding=\"async\" class=\"alignnone size-full wp-image-307\" src=\"https:\/\/kksc2009.ak5.one\/wp-content\/uploads\/2018\/08\/sgbungt.jpg\" alt=\"\" width=\"90\" height=\"89\" \/><\/a><\/td>\n<td><a href=\"http:\/\/www.sgbungt.de\/\">Sch\u00fctzengesellschaft Bungt e.V.<\/a><\/td>\n<\/tr>\n<tr>\n<td><a href=\"https:\/\/kksc2009.ak5.one\/wp-content\/uploads\/2018\/08\/ssfwegberg.jpg\"><img loading=\"lazy\" decoding=\"async\" class=\"alignnone size-full wp-image-306\" src=\"https:\/\/kksc2009.ak5.one\/wp-content\/uploads\/2018\/08\/ssfwegberg.jpg\" alt=\"\" width=\"80\" height=\"82\" \/><\/a><\/td>\n<td><a href=\"http:\/\/www.schiessverein.de\/\">Schie\u00dfsportfreunde Wegberg<\/a><\/td>\n<\/tr>\n<tr>\n<td><a href=\"https:\/\/kksc2009.ak5.one\/wp-content\/uploads\/2018\/08\/lahmer.jpg\"><img loading=\"lazy\" decoding=\"async\" class=\"alignnone size-full wp-image-305\" src=\"https:\/\/kksc2009.ak5.one\/wp-content\/uploads\/2018\/08\/lahmer.jpg\" alt=\"\" width=\"90\" height=\"58\" \/><\/a><\/td>\n<td><a href=\"http:\/\/waffenhandlung-lahmer.de\/\">Schie\u00dfstand &amp; Waffenhandlung Lahmer<\/a><\/td>\n<\/tr>\n<tr>\n<td><a href=\"https:\/\/kksc2009.ak5.one\/wp-content\/uploads\/2018\/08\/sscaldenhoven.gif\"><img loading=\"lazy\" decoding=\"async\" class=\"alignnone size-full wp-image-308\" src=\"https:\/\/kksc2009.ak5.one\/wp-content\/uploads\/2018\/08\/sscaldenhoven.gif\" alt=\"\" width=\"120\" height=\"35\" \/><\/a><\/td>\n<td><a href=\"http:\/\/www.schiessportcentrum.de\/\">Schie\u00dfsportcentrum Aldenhoven<\/a><\/td>\n<\/tr>\n<tr>\n<td><a href=\"https:\/\/kksc2009.ak5.one\/wp-content\/uploads\/2018\/08\/berka.gif\"><img loading=\"lazy\" decoding=\"async\" class=\"alignnone size-full wp-image-304\" src=\"https:\/\/kksc2009.ak5.one\/wp-content\/uploads\/2018\/08\/berka.gif\" alt=\"\" width=\"90\" height=\"89\" \/><\/a><\/td>\n<td><a href=\"http:\/\/www.schiesssportzentrum-berka.de\/\">Schie\u00dfsportzentrum Berka<\/a><\/td>\n<\/tr>\n<\/tbody>\n<\/table>\n","protected":false},"excerpt":{"rendered":"<p>&nbsp; Sch\u00fctzengesellschaft Bungt e.V. Schie\u00dfsportfreunde Wegberg Schie\u00dfstand &amp; Waffenhandlung Lahmer Schie\u00dfsportcentrum Aldenhoven Schie\u00dfsportzentrum Berka<\/p>\n","protected":false},"author":1,"featured_media":0,"parent":0,"menu_order":0,"comment_status":"closed","ping_status":"closed","template":"","meta":{"footnotes":""},"class_list":["post-199","page","type-page","status-publish","hentry"],"_links":{"self":[{"href":"https:\/\/kksc2009.ak5.one\/index.php?rest_route=\/wp\/v2\/pages\/199","targetHints":{"allow":["GET"]}}],"collection":[{"href":"https:\/\/kksc2009.ak5.one\/index.php?rest_route=\/wp\/v2\/pages"}],"about":[{"href":"https:\/\/kksc2009.ak5.one\/index.php?rest_route=\/wp\/v2\/types\/page"}],"author":[{"embeddable":true,"href":"https:\/\/kksc2009.ak5.one\/index.php?rest_route=\/wp\/v2\/users\/1"}],"replies":[{"embeddable":true,"href":"https:\/\/kksc2009.ak5.one\/index.php?rest_route=%2Fwp%2Fv2%2Fcomments&post=199"}],"version-history":[{"count":6,"href":"https:\/\/kksc2009.ak5.one\/index.php?rest_route=\/wp\/v2\/pages\/199\/revisions"}],"predecessor-version":[{"id":312,"href":"https:\/\/kksc2009.ak5.one\/index.php?rest_route=\/wp\/v2\/pages\/199\/revisions\/312"}],"wp:attachment":[{"href":"https:\/\/kksc2009.ak5.one\/index.php?rest_route=%2Fwp%2Fv2%2Fmedia&parent=199"}],"curies":[{"name":"wp","href":"https:\/\/api.w.org\/{rel}","templated":true}]}}